
-200111
In base 15, what is 13 + -95c?
-949
In base 3, what is 1120 + 10022220?
10101110
In base 15, what is -2 + -241d5?
-241d7
In base 3, what is 10200222101122 - 1?
10200222101121
In base 8, what is 23714635 + 5?
23714642
In base 15, what is 22 - 2c64?
-2c42
In base 6, what is -303 + -1531?
-2234
In base 13, what is 4110b - -1?
4110c
In base 12, what is -1869 - -6?
-1863
In base 8, what is -4 + 123625?
123621
In base 9, what is -160 - 4181?
-4351
In base 7, what is 10611036 - 3?
10611033
In base 7, what is -55221 + 5?
-55213
In base 6, what is -3 - 4210103?
-4210110
In base 15, what is -1 - -34d0?
34ce
In base 4, what is 10 + -11103121?
-11103111
In base 7, what is -10 - -301316?
301306
In base 6, what is -201354 + 0?
-201354
In base 5, what is 1111 + -30143?
-24032
In base 9, what is 2 + -787140?
-787137
In base 5, what is 411 + 201334?
202300
In base 5, what is -2 + 2442420?
2442413
In base 7, what is -601 - -213?
-355
In base 10, what is 1 - 10220?
-10219
In base 8, what is 3 + 11103?
11106
In base 15, what is -1789 - -98?
-16e1
In base 7, what is -1043 + 22013?
20640
In base 13, what is 3090 - 1a7?
2bb6
In base 13, what is -270 - -3ba?
14a
In base 3, what is -12011112220 - -12?
-12011112201
In base 4, what is -2210 + 3023?
213
In base 4, what is 101201 - -13?
101220
In base 14, what is 4 + -186c?
-1868
In base 12, what is 232 + 9?
23b
In base 12, what is -1b5b3 + 1?
-1b5b2
In base 3, what is -112120111 - -1012?
-112112022
In base 4, what is 32 - -1232310?
1233002
In base 6, what is -4045 + 0?
-4045
In base 3, what is -20022001 - -201?
-20021100
In base 4, what is -12013100 + 12?
-12013022
In base 6, what is 11 - -4342?
4353
In base 8, what is 51 - 5660?
-5607
In base 6, what is 131342 + 501?
132243
In base 15, what is -9d + -392?
-440
In base 15, what is 5 - -7c4e?
7c54
In base 6, what is 13302 - 50?
13212
In base 5, what is 2 - 133241?
-133234
In base 11, what is 2059 - -3?
2061
In base 11, what is 27a + 53?
322
In base 16, what is 80 + 58?
d8
In base 13, what is 19c19b7 - -5?
19c19bc
In base 3, what is 11100012 + -2?
11100010
In base 6, what is 10 - 100323?
-100313
In base 12, what is -2 + -71b4?
-71b6
In base 2, what is 11001101011 + -100110101110?
-1101000011
In base 12, what is -552 + 2a?
-524
In base 9, what is -1377815 - -2?
-1377813
In base 6, what is 45 + -111305?
-111220
In base 5, what is 2 + 1231221?
1231223
In base 2, what is -11 - -11111111010111010100?
11111111010111010001
In base 15, what is 9 - -3599?
35a3
In base 13, what is -4 + -168a22?
-168a26
In base 6, what is -21 + -121220?
-121241
In base 16, what is -5 + 83e?
839
In base 14, what is -487 + -1b?
-4a4
In base 3, what is 10000210 + -1100?
2222110
In base 13, what is 72cc - 4?
72c8
In base 3, what is -2 - 200120121?
-200120200
In base 13, what is 7298 + 13b?
7406
In base 5, what is 310100 - -112?
310212
In base 5, what is -131413 + 24?
-131334
In base 15, what is -4 + -2ad39?
-2ad3d
In base 6, what is 14 + 3403430?
3403444
In base 14, what is -19db - -402?
-15d9
In base 4, what is -130 + 13233?
13103
In base 6, what is 5 + -1421105?
-1421100
In base 15, what is -1d - 7b0?
-7cd
In base 3, what is -1012 + -111110?
-112122
In base 15, what is 13 + -4e6c?
-4e59
In base 2, what is 100 + 1111001101?
1111010001
In base 3, what is 102221010121 - 10?
102221010111
In base 15, what is -12 + -606e?
-6081
In base 11, what is -105 - 5989?
-5a93
In base 10, what is 5469 + 41?
5510
In base 8, what is -1157 - 136?
-1315
In base 6, what is -5 - 32512432?
-32512441
In base 12, what is 21 + 2099?
20ba
In base 13, what is -22b3b + -4?
-22b42
In base 12, what is -5142 + 2?
-5140
In base 5, what is 41341 + -1233?
40103
In base 15, what is c - -111?
11d
In base 16, what is 8d89 - -a?
8d93
In base 15, what is -5 + -bea59?
-bea5e
In base 8, what is -3 + 223265?
223262
In base 9, what is -5 - -48830?
48824
In base 10, what is 9606 + -6?
9600
In base 2, what is 11011101010011 + -10110101?
11011010011110
In base 9, what is 88 - -2300?
2388
In base 9, what is -542 - -3016?
2364
In base 3, what is 200201011 - 2022?
200121212
In base 10, what is 136971 - -5?
136976
In base 5, what is 10 + 111313?
111323
In base 14, what is -38 - -700?
6a6
In base 11, what is 0 - 73251?
-73251
In base 7, what is 2446 + -2?
2444
In base 5, what is 24031 - -224?
24310
In base 16, what is -1 - 26ef?
-26f0
In base 13, what is -2 - -24a43?
24a41
In base 12, what is 36 - 6b9?
-683
In base 6, what is 2241225 + -5?
2241220
In base 5, what is -4 + -1012213?
-1012222
In base 11, what is 3630 + 0?
3630
In base 2, what is -100 + 101110000001111000?
101110000001110100
In base 5, what is 1 - -14142?
14143
In base 16, what is 32 - 119?
-e7
In base 3, what is 102101110 + -12?
102101021
In base 9, what is -1777 - 340?
-2227
In base 16, what is 1b108c + 4?
1b1090
In base 14, what is 3 - c1?
-bc
In base 10, what is 8 - 15168?
-15160
In base 4, what is -11 - 111022030?
-111022101
In base 6, what is -5 + -2015421?
-2015430
In base 14, what is 840 + 0?
840
In base 11, what is -8 - -29849?
29841
In base 13, what is -2 + 1b3c2?
1b3c0
In base 7, what is 3 - -36443?
36446
In base 14, what is 26530 + 17?
26547
In base 9, what is 16178 + -76?
16102
In base 11, what is -121 + a73?
952
In base 16, what is 1 + -39f9?
-39f8
In base 11, what is -86 - 436?
-511
In base 7, what is -426024 + 22?
-426002
In base 5, what is -41 - 3031320?
-3031411
In base 13, what is -2 - 12272?
-12274
In base 12, what is -114a - -24?
-1126
In base 5, what is -1032 - -1123?
41
In base 6, what is -13 + 112223?
112210
In base 9, what is 2113 + 28?
2142
In base 2, what is 11 + 10000000000100?
10000000000111
In base 8, what is 607 + 376?
1205
In base 12, what is 4a - 668?
-61a
In base 9, what is 3 + -131700?
-131686
In base 2, what is -10001 + 11101010111?
11101000110
In base 7, what is 1124 - -533?
1660
In base 6, what is 55 + -2340?
-2241
In base 3, what is 10021120211 - 21?
10021120120
In base 5, what is -13043443 + 24?
-13043414
In base 4, what is -11 - 123021?
-123032
In base 13, what is 0 + -7013?
-7013
In base 12, what is -39 + -32b6?
-3333
In base 12, what is -1424a3 + -3?
-1424a6
In base 6, what is 1 - -2110502?
2110503
In base 9, what is 30 + -30802?
-30762
In base 10, what is -1114 + 46?
-1068
In base 14, what is b + -2ab35?
-2ab28
In base 12, what is 5 - -8155?
815a
In base 10, what is 62 + 11589?
11651
In base 3, what is 2121010 + -2212110?
-21100
In base 9, what is -25 - 40328?
-40354
In base 13, what is b + 884c?
885a
In base 12, what is -ba9 - -289?
-920
In base 14, what is 22cc + -4?
22c8
In base 3, what is -1021 + -110120?
-111211
In base 14, what is 1999 - 3?
1996
In base 15, what is 0 - 1ab77?
-1ab77
In base 15, what is -8 - -ac3d?
ac35
In base 5, what is 1341 - 224?
1112
In base 13, what is -127 - -1a9?
82
In base 11, what is -65 - -522?
468
In base 8, what is 251 + -133?
116
In base 8, what is 25314 - 216?
25076
In base 16, what is 48318b + 3?
48318e
In base 3, what is -1200222200202 + -10?
-1200222200212
In base 6, what is 223 + 10021?
10244
In base 10, what is -12 + 496?
484
In base 4, what is 30132332 - 2?
30132330
In base 12, what is -1 - 12374?
-12375
In base 2, what is 110110011 - -1100?
110111111
In base 15, what is d8 - 229b?
-21b3
In base 7, what is -201152 + 2?
-201150
In base 14, what is -132076 + 3?
-132073
In base 8, what is 114660 + 102?
114762
In base 5, what is 3 + 3022410?
3022413
In base 13, what is b + a461a?
a4628
In base 7, what is -3 - -23502?
23466
In base 2, what is -1 + -10110111000000111?
-10110111000001000
In base 12, what is -10ab + -b4?
-11a3
In base 15, what is c5 - 474d?
-4678
In base 8, what is 21142647 - -2?
21142651
In base 14, what is -5a + 87?
2b
In base 6, what is -1202052 - 41?
-1202133
In base 16, what is 0 + 19ceb?
19ceb
In base 2, what is 0 - 11101100100100011?
-11101100100100011
In base 13, what is -b94 - -10a?
-a87
In base 13, what is -4 - -7c8c?
7c88
In base 2, what is -101 + 10000111100011110?
10000111100011001
In base 13, what is 2c + -2ba4?
-2b75
In base 14, what is -1 + 33a24?
33a23
In base 8, what is 70421 - -11?
70432
In base 3, what is -1 + -100101002?
-100101010
In base 2, what is 1100110 + -1011010000?
-1001101010
In base 3, what is -2 + 11012022101?
11012022022
In base 4, what is 11202 + 332